
Suppose -392*k - 67003543 = -263821814 - 62582633. Is k a prime number?
False
Suppose 0 = 10*w + 5348 + 43842. Let g = 7638 + w. Is g a composite number?
False
Let z be (-15020)/3 - 2/(-3). Suppose 5*f = 5*a - 10, f = 19*a - 14*a + 10. Is (z/f)/((-10)/(-25)) prime?
True
Suppose -12*r - 24*r = -2687004. Is r composite?
True
Let a = 158 + -140. Is (-1 - a/(-15))*(30 + 38555) prime?
True
Let q(m) be the first derivative of 73*m**5/60 - 7*m**4/24 + 46*m**3/3 - 46. Let f(i) be the third derivative of q(i). Is f(19) prime?
True
Let q = -55 - -62. Suppose -q + 15 = 2*t. Is (-2)/(1/(-822)*t) a composite number?
True
Let b be -4 + (-260)/(-70) - 12/7. Let x(p) = 62*p**2 - 3*p. Is x(b) composite?
True
Suppose 4*w + 2114 + 4542 = 3*f, -f + 4997 = -3*w. Let c = w - -2516. Is c a prime number?
False
Let c(z) = -33685*z - 1054. Is c(-9) prime?
True
Let z(m) = 68*m**2 - 14*m - 34. Let v be z(-10). Suppose 0 = 5*y + y - v. Is y composite?
False
Suppose 18 = -27*r + 24*r, -5*h + 35737 = 3*r. Is h a composite number?
False
Suppose -3*n + 6*q = -142605, 1093 + 46477 = n + 3*q. Is n composite?
True
Let r(o) = o**2 - 8*o + 9. Let x be r(7). Suppose -6*l = -2*l + 3*m + 24, -x = -2*l - 5*m. Let h(b) = -b**3 - 7*b**2 + 8*b - 16. Is h(l) a composite number?
True
Let w be (259/(-14))/((-3)/198). Suppose 27*c - 16*c = w. Is c composite?
True
Suppose -p + 109 - 111 = -2*s, -p = s - 4. Let f be -1 - (1*-1153 + 0). Suppose q = s*v - q - 2264, -v - 3*q + f = 0. Is v a prime number?
False
Suppose 0 = -5*w + w + 2232980. Suppose 172039 - w = -34*m. Is m composite?
True
Let o = 5902 - 9000. Let i = o + 7089. Is i composite?
True
Suppose -428*f = -429*f - 2*m + 1161, -f + 5*m = -1182. Is f composite?
True
Let g(q) = -q**3 + 8*q**2 + 32*q + 16. Let f be g(11). Suppose -l = f*n - 71973, -5*n = -8*n + 5*l + 43195. Is n a composite number?
True
Suppose -3*q - 16436 = -y, -17*y + 65789 = -13*y + 3*q. Suppose 4*m + 20*v = 15*v + y, -4*m + 16405 = -3*v. Is m prime?
False
Suppose 5*k - 176018 = -z + 106643, 282661 = z - 2*k. Is z composite?
False
Let b be -4 + (-28342)/(-2) - 5. Let k = b + -9925. Is k a composite number?
True
Let t be (-3 + (-48)/(-20))/(8/(-24280)). Let h = t + -1070. Is h a composite number?
False
Suppose -281 + 31 = -10*v. Suppose 0 = -v*l + 130538 + 226487. Is l composite?
False
Suppose 86 - 10 = 4*l. Let d(h) = -h**3 - 8*h**2 + 10*h + 32. Let y be d(-9). Suppose -y*q + 2356 = -l*q. Is q a composite number?
True
Suppose 4872 = 2*y + 4*g, 0 = 4*y - 5*g - 11365 + 1634. Suppose 5*x - 5*h - y = 4*x, 0 = 2*x - 3*h - 4861. Is x a composite number?
True
Let x be (20/(-72) - 4/18)*-10. Suppose 0 = -3*m, -5*a + x*m = -2*a - 18. Suppose 11*b - a*b - 3515 = 0. Is b prime?
False
Let j(i) = -i**3 + 91*i**2 + 211*i + 61. Is j(40) prime?
False
Let m(b) = -27*b**3 - 18*b**2 + 36*b + 80. Is m(-19) a composite number?
False
Let h(p) be the first derivative of -3*p - 39/2*p**4 - 1 + 2/3*p**3 - 3/2*p**2. Is h(-2) a prime number?
False
Let o = -4304 - -24897. Is o a composite number?
False
Suppose 4*v - 4 + 2 = -i, 3*v = 2*i - 4. Is 266208/120 - i/5 prime?
False
Let y(f) = -445*f - 102. Let z be y(-28). Suppose -10*v = -z + 2178. Is v composite?
True
Suppose y - 80536 = 5*o, -20 + 24 = -4*o. Is y prime?
False
Suppose -5*k - p = -60, -6*p + 2*p = 0. Suppose k*r - 4*r = 8. Let h(m) = 308*m**2 + 2*m - 1. Is h(r) a composite number?
True
Suppose -28 = -6*x - x. Suppose -x*l = 2*l - 35778. Is l prime?
False
Is ((-10)/(-80))/(4/226144) prime?
False
Let t = -47235 - -110822. Is t composite?
False
Suppose -2*f = 3*f - 5545. Let y = 21 - f. Let z = y + 1561. Is z a prime number?
False
Let w be (-9*20/75)/(6/(-20)). Is 2094/w - (-5)/20 a composite number?
True
Let r(j) = 104*j - 2. Let t(x) = 106*x - 3. Let f(i) = 4*r(i) - 3*t(i). Let m = -9 - -13. Is f(m) composite?
True
Let u = 20 + -36. Let p(r) = -r**3 - 14*r**2 - 23*r + 9. Is p(u) prime?
False
Let o = -255600 + 454109. Is o composite?
True
Suppose -14*n + 172 + 136 = 0. Suppose 3*h - 8 - n = 0. Suppose 11802 = h*y - 15868. Is y composite?
False
Let x(t) = -t**2 + 9*t - 9. Let v be x(7). Suppose 0 = s - v*s + 24. Suppose -s*k = -k - 4075. Is k composite?
True
Is (1/(-3))/(-2*(-8)/(-3764496)) a composite number?
False
Suppose 68*c - 3423981 = 2718255. Is c a composite number?
True
Let p(q) = q**2 + 3*q - 7. Let h be p(-5). Suppose -y = -0 - h. Is (-5)/15 + 1039/y composite?
True
Let w(m) = m**2 + 4*m + 2*m + 1203619 - 1203639. Let d be 2*(1 - (-11)/(-2)). Is w(d) a composite number?
False
Let t(q) = 192*q**2 + 267*q - 358. Is t(-41) composite?
False
Suppose -5*r - x + 10 = 0, 2*r + 3*x = 6 - 2. Suppose -r*y - 5 = -9. Suppose -2*t + 825 = g - 0*t, 4*t = y*g - 1634. Is g composite?
False
Let u(n) = n**2 + 16*n - 6. Let d be -13 - ((-4)/(-6))/((-2)/(-6)). Let p be u(d). Let b(a) = -a + 32. Is b(p) composite?
False
Is (6 - 12)/24*-8 + 128529 prime?
False
Let w(b) = -b**3 - 8*b**2 - 8*b - 9. Let j be w(-7). Let g(z) = z. Let h be g(j). Is (-2)/5 + (567/5 - h) composite?
True
Suppose 3*l - 6*b + 4*b - 5 = 0, -4*l + 18 = 3*b. Suppose -3*r + 1450 = 3*h + 379, h - l*r = 365. Is h prime?
True
Suppose -169*i - 8 = -173*i. Suppose i*s + 8*j = 6*j + 8228, -4*j = -5*s + 20543. Is s prime?
True
Let q = -270 - -491. Suppose -q = -8*j - 5*j. Suppose 7*u + 20990 = j*u. Is u a prime number?
True
Suppose -y + 3*y + 1509896 = 4*u, -377441 = -u - 5*y. Is u a composite number?
False
Let i(m) = m**2 + 8*m + 21. Let f be i(-6). Suppose -f*z + 13*z - 716 = 0. Is z prime?
True
Let c(z) = -406*z**3 + 2*z**2 + 9*z + 7. Let a(f) = 203*f**3 - f**2 - 4*f - 3. Let g(s) = -5*a(s) - 2*c(s). Let m be (4/6)/((-2)/3). Is g(m) composite?
True
Suppose 3*b + 0 - 3 = 0, -a - 5*b + 1 = 0. Suppose 0 = -0*x - x. Is -2*(1/a*326 + x) composite?
False
Let x = -4045 + 1710. Let d = 3522 + x. Is d a prime number?
True
Let d = 235 - 220. Is 11274 + (-4 + 3)/((-3)/d) a composite number?
False
Suppose 0 = 2*v + 3*c + 179, -3*v - 2*c - 266 = 3*c. Let q = v + 49. Let i = 85 + q. Is i a composite number?
False
Let y = 642 + -1742. Let j = 1989 + y. Is j composite?
True
Let y(l) be the third derivative of 1/60*l**5 - 7/6*l**3 + 0*l + 1/3*l**4 + 0 - 14*l**2. Is y(-10) prime?
True
Suppose 30*x = 45 + 75. Suppose x*i - 6*s = -5*s + 3654, 4*i - 3646 = 5*s. Is i prime?
False
Let d(h) = -245*h + 362. Let l(i) = -i**3 - 8*i**2 + 9*i - 2. Let v be l(-9). Let r(j) = -49*j + 72. Let x(k) = v*d(k) + 11*r(k). Is x(-21) prime?
True
Suppose 2*n - 5 = 5. Suppose 32*p - 55308 = -12*p. Suppose 3*i - 1006 = -4*x - 0*i, n*x = -4*i + p. Is x a composite number?
True
Let l be -145 + (-2 - -5) + -2. Let m be (l/(-21))/((-2)/(-112)). Suppose -3*o - 3*q + 590 = -622, -o + m = 5*q. Is o a composite number?
False
Let v = 62681 - 29182. Is v a composite number?
True
Let o(n) = -106*n + 21. Let g be o(10). Let y = g - -10388. Is y a prime number?
True
Let r = -52972 + 107893. Is r prime?
False
Let u = 63370 - -219037. Is u a composite number?
False
Let q(v) = -324*v - 169*v + 16*v - 25. Let n be q(-9). Is 1/(-2*(-2)/n) a prime number?
False
Let o be (-26)/195 + (-92)/(-15). Suppose 8*v - o*v - 12 = 0. Suppose 5*g = 0, -8*g = 2*a - v*g - 466. Is a prime?
True
Let b(x) = 5229*x**2 - 234*x - 911. Is b(-4) a prime number?
True
Let k(r) = -288*r - 79. Suppose 0 = 5*j + 63 - 38. Is k(j) composite?
False
Let x be (-565)/(-2)*7912/(-230). Let a = 17921 + x. Is a prime?
False
Suppose 3*t + 94*t = 17262799. Is t composite?
False
Suppose -5*x + 3*c - 23761 = 0, -x + c + 9500 = -3*x. Let o = x - -7492. Is o prime?
True
Let l(j) = 64*j**2 - 32*j + 4231. Is l(-69) a prime number?
False
Let u(k) = -k**3 - 16*k**2 - 3*k + 17. Let y(m) = m**3 + 18*m**2 - 16*m + 39. Let x be y(-19). Is u(x) composite?
False
Suppose 2*x = 4*y + 140, 4*x + 2*y + 3*y = 215. Suppose 5*k = -42*o + 40*o + 224, 3*k - 141 = o. Suppose -2*i + x = -k. Is i composite?
False
Let p be -7 + 0 + -16 + 2. Is (-2 - p)*(-472)/(-8) a composite number?
True
Suppose t = -2*c - 0*t + 47, c - 10 = -5*t. Suppose 2*b - 7*b + c = 0. Suppose -1701 = -4*j - b*v, -829 - 448 = -3*j - 4*v. Is j composite?
False
Suppose 126*f - 35*f = 1969877. Is f a composite number?
False
Let i(a) = a**3 + 22*a**2 + 34*a + 13. Let p be i(-17). Suppose -20*t = -4*t - p. Is t a composite number?
True
